s the hundreds digit of 1342?
3
What is the tens digit of 7979?
7
What is the tens digit of 9420?
2
What is the units digit of 1954?
4
What is the units digit of 95956?
6
What is the units digit of 1555?
5
What is the hundreds digit of 50285?
2
What is the thousands digit of 5664?
5
What is the units digit of 3?
3
What is the tens digit of 59385?
8
What is the units digit of 3888?
8
What is the hundreds digit of 69226?
2
What is the hundreds digit of 1095?
0
What is the thousands digit of 2090?
2
What is the units digit of 3248?
8
What is the units digit of 22987?
7
What is the ten thousands digit of 11848?
1
What is the ten thousands digit of 54955?
5
What is the hundreds digit of 3840?
8
What is the tens digit of 77771?
7
What is the units digit of 106?
6
What is the units digit of 1173?
3
What is the hundreds digit of 1171?
1
What is the tens digit of 9386?
8
What is the tens digit of 37816?
1
What is the hundreds digit of 3257?
2
What is the units digit of 119?
9
What is the thousands digit of 14828?
4
What is the ten thousands digit of 32956?
3
What is the ten thousands digit of 10149?
1
What is the units digit of 801?
1
What is the hundreds digit of 4617?
6
What is the tens digit of 583?
8
What is the hundreds digit of 2993?
9
What is the units digit of 121?
1
What is the tens digit of 2588?
8
What is the thousands digit of 6709?
6
What is the thousands digit of 23012?
3
What is the units digit of 25282?
2
What is the hundreds digit of 1267?
2
What is the thousands digit of 3278?
3
What is the tens digit of 2167?
6
What is the tens digit of 7676?
7
What is the hundreds digit of 87091?
0
What is the hundreds digit of 5161?
1
What is the units digit of 40369?
9
What is the units digit of 3507?
7
What is the hundreds digit of 5139?
1
What is the hundreds digit of 1116?
1
What is the hundreds digit of 2079?
0
What is the tens digit of 779?
7
What is the tens digit of 1513?
1
What is the hundreds digit of 1638?
6
What is the tens digit of 3331?
3
What is the tens digit of 89811?
1
What is the units digit of 3452?
2
What is the hundreds digit of 534?
5
What is the thousands digit of 2191?
2
What is the thousands digit of 1229?
1
What is the hundreds digit of 731?
7
What is the tens digit of 829?
2
What is the thousands digit of 9776?
9
What is the hundreds digit of 2691?
6
What is the units digit of 34189?
9
What is the thousands digit of 29575?
9
What is the tens digit of 46?
4
What is the tens digit of 1972?
7
What is the ten thousands digit of 28727?
2
What is the tens digit of 229?
2
What is the thousands digit of 71460?
1
What is the thousands digit of 140656?
0
What is the hundreds digit of 474?
4
What is the thousands digit of 71205?
1
What is the tens digit of 1073?
7
What is the units digit of 177?
7
What is the units digit of 2?
2
What is the thousands digit of 2354?
2
What is the thousands digit of 1415?
1
What is the hundreds digit of 2909?
9
What is the thousands digit of 1929?
1
What is the thousands digit of 3003?
3
What is the ten thousands digit of 78504?
7
What is the units digit of 330?
0
What is the thousands digit of 44717?
4
What is the units digit of 532?
2
What is the units digit of 3458?
8
What is the thousands digit of 37499?
7
What is the tens digit of 1943?
4
What is the tens digit of 53364?
6
What is the hundreds digit of 236?
2
What is the units digit of 1363?
3
What is the thousands digit of 1157?
1
What is the tens digit of 110602?
0
What is the units digit of 1349?
9
What is the tens digit of 991?
9
What is the ten thousands digit of 46957?
4
What is the units digit of 1350?
0
What is the hundreds digit of 535?
5
What is the thousands digit of 28908?
8
What is the hundreds digit of 1868?
8
What is the units digit of 62?
2
What is the units digit of 20978?
8
What is the thousands digit of 102706?
2
What is the thousands digit of 3316?
3
What is the hundreds digit of 3802?
8
What is the units digit of 1363?
3
What is the hundred thousands digit of 104316?
1
What is the thousands digit of 1332?
1
What is the tens digit of 2062?
6
What is the tens digit of 26476?
7
What is the tens digit of 91?
9
What is the thousands digit of 4892?
4
What is the hundreds digit of 364?
3
What is the tens digit of 9408?
0
What is the thousands digit of 69755?
9
What is the thousands digit of 10418?
0
What is the tens digit of 8345?
4
What is the thousands digit of 28491?
8
What is the thousands digit of 1944?
1
What is the units digit of 831?
1
What is the hundreds digit of 29362?
3
What is the units digit of 20360?
0
What is the tens digit of 11227?
2
What is the tens digit of 11458?
5
What is the hundreds digit of 1246?
2
What is the tens digit of 4374?
7
What is the tens digit of 3774?
7
What is the thousands digit of 97801?
7
What is the units digit of 1450?
0
What is the units digit of 102165?
5
What is the units digit of 85428?
8
What is the thousands digit of 26823?
6
What is the hundreds digit of 2189?
1
What is the units digit of 1459?
9
What is the tens digit of 1659?
5
What is the units digit of 62?
2
What is the tens digit of 23933?
3
What is the hundreds digit of 672?
6
What is the hundreds digit of 2849?
8
What is the hundreds digit of 32555?
5
What is the hundreds digit of 3076?
0
What is the tens digit of 2722?
2
What is the tens digit of 58954?
5
What is the units digit of 3985?
5
What is the units digit of 1697?
7
What is the hundreds digit of 20838?
8
What is the units digit of 300?
0
What is the tens digit of 5829?
2
What is the hundreds digit of 7593?
5
What is the hundreds digit of 4825?
8
What is the hundreds digit of 3222?
2
What is the hundreds digit of 18157?
1
What is the thousands digit of 20230?
0
What is the tens digit of 2515?
1
What is the tens digit of 360?
6
What is the hundred thousands digit of 106662?
1
What is the units digit of 1982?
2
What is the units digit of 4980?
0
What is the ten thousands digit of 117185?
1
What is the hundreds digit of 172?
1
What is the hundreds digit of 1852?
8
What is the units digit of 12439?
9
What is the tens digit of 9902?
0
What is the thousands digit of 2096?
2
What is the units digit of 754?
4
What is the tens digit of 1525?
2
What is the units digit of 812?
2
What is the hundreds digit of 1142?
1
What is the tens digit of 12721?
2
What is the ten thousands digit of 25768?
2
What is the tens digit of 313?
1
What is the hundred thousands digit of 132499?
1
What is the units digit of 4718?
8
What is the tens digit of 1367?
6
What is the ten thousands digit of 32143?
3
What is the tens digit of 2224?
2
What is the tens digit of 1089?
8
What is the tens digit of 10010?
1
What is the units digit of 1183?
3
What is the units digit of 31728?
8
What is the thousands digit of 3327?
3
What is the hundreds digit of 4701?
7
What is the units digit of 2115?
5
What is the tens digit of 3009?
0
What is the units digit of 2199?
9
What is the hundreds digit of 1647?
6
What is the units digit of 552?
2
What is the units digit of 19551?
1
What is the ten thousands digit of 70254?
7
What is the tens digit of 2740?
4
What is the tens digit of 130?
3
What is the tens digit of 184?
8
What is the units digit of 3495?
5
What is the thousands digit of 79638?
9
What is the ten thousands digit of 13032?
1
What is the thousands digit of 12573?
2
What is the units digit of 448?
8
What is the tens digit of 3436?
3
What is the units digit of 1297?
7
What is the tens digit of 18518?
1
What is the thousands digit of 1036?
1
What is the ten thousands digit of 15351?
1
What is the units digit of 92969?
9
What is the units digit of 25850?
0
What is the units digit of 132057?
7
What is the units digit of 1403?
3
What is the thousands digit of 8533?
8
What is the hundreds digit of 1161?
1
What is the thousands digit of 48584?
8
What is the units digit of 4015?
5
What is the tens digit of 15887?
8
What is the hundreds digit of 463?
4
What is the tens digit of 1964?
6
What is the hundreds digit of 4450?
4
What is the hundreds digit of 2345?
3
What is the tens digit of 1604?
0
What is the tens digit of 1171?
7
What is the hundreds digit of 669?
6
What is the hundreds digit of 143?
1
What is the tens digit of 1300?
0
What is the hundreds digit of 2690?
6
What is the hundreds digit of 41748?
7
What